+ 0 + 2*s**2 - 1/6*s**3. Calculate j(w).
1
Let b(c) = c - 2. Let p(g) = g - 4. Let a(q) = -2*b(q) + 3*p(q). Give a(-6).
-14
Let z be (-1)/(-1 + 3)*-6. Suppose -2*f = m - f, 12 = -3*f. Let d(x) = -3*x + 5*x - m*x. What is d(z)?
-6
Let h(i) = 14*i**2 - 1. Let t(y) = y**3 - 12*y**2 + 12*y - 6. Let d be t(11). Suppose -1 = -d*n - 6. Calculate h(n).
13
Let p(b) be the first derivative of -b**4/4 + 8*b**3/3 - 7*b**2/2 - 10*b + 5. What is p(7)?
-10
Let x(z) be the second derivative of 0 + 1/3*z**3 - 2*z + 2*z**2 - 1/4*z**4 - 1/20*z**5. Let l be x(-3). Let a(v) = 3*v. Give a(l).
-6
Let x(w) = w**3 + 6*w**2 + 6*w. Let p(k) = 11*k**2 - 33*k - 12. Let h(q) = -4*q**2 + 11*q + 4. Let m(z) = 8*h(z) + 3*p(z). Let a be m(11). Determine x(a).
8
Let x(n) be the third derivative of 2*n**2 + 0 + 1/24*n**4 + n**3 + 0*n. Give x(-3).
3
Let h(s) be the third derivative of -1/15*s**5 + 0 + 1/2*s**3 + 0*s**4 - 2*s**2 + 1/120*s**6 + 0*s. Calculate h(3).
-6
Let k = 36 + -31. Suppose -4*h + 4*z + 20 = 0, -3*h + 2*z + 7 = -6. Let b(a) = 1 + 1 + 2*a**2 + 4*a - h*a**2. Determine b(k).
-3
Suppose 9*a + 17 = m + 5*a, -4*m + 5 = 5*a. Let c(q) = -q**2 + 7*q - 4. Determine c(m).
6
Let g(z) = 6*z - 2. Let u be ((-2)/5)/((-2)/10). Suppose u + 2 = 2*h. Calculate g(h).
10
Suppose -4*h = 10 + 6. Let f = h + 8. Let a(k) = 2*k + 1. Determine a(f).
9
Let f(a) = -a + 3449 - 3449. Let v(o) = 2 + 2 + o**2 - 5. Let j be v(2). Calculate f(j).
-3
Let w(x) = x. Let c(z) = z**2 - 8*z + 3. Let h be c(8). Suppose -2 = h*y + 1. Calculate w(y).
-1
Let z(h) = -h**2 + 4*h + 1. Let w = 16 + -7. Let p be -2*-2*(-3 + 2). Let m = p + w. Give z(m).
-4
Let g(s) = -s**3 - s**2 + s. Let t be -2 - -4 - 8*-2. Suppose -2*q = q - t. Let c = q - 8. Calculate g(c).
2
Let m(k) be the third derivative of 1/2*k**3 + 0*k + 1/24*k**4 + 1/60*k**5 + 1/360*k**6 + 0 + k**2. Let d(t) be the first derivative of m(t). Determine d(-1).
0
Suppose -27 = -4*a + 49. Let l(v) = v**3 - 30 + 14 + a. Give l(0).
3
Let j(a) = 6*a**2 + a. Suppose 3*x + 0*s + s + 3 = 0, 4*x + 4 = -3*s. Give j(x).
5
Let g(d) be the second derivative of 1/20*d**5 + 0 - 3*d + 1/2*d**2 - d**3 - 5/12*d**4. What is g(6)?
1
Let b = 83 + -82. Let f(a) = 5*a**3 + 1. What is f(b)?
6
Let b(o) = -2*o**2 - 1. Let r be b(1). Let v(n) = -n + 1. Determine v(r).
4
Let r(g) = 5*g**2. Let u be (6/(-10))/(1/(-5)). Suppose 3*p + u = -0*p. Give r(p).
5
Let y(i) = -2*i + 12. Let l be y(4). Let j(r) = -r**2 + 4*r - 1. What is j(l)?
-1
Let r(p) = p**3 + 7*p**2 - 8*p - 3. Let z be r(-8). Let q(j) = 3*j**2 + 4*j. Calculate q(z).
15
Let u(f) = -f**3 - 3*f**2 + 2. Let j = -3 - -1. Let d be u(j). Let v(w) = w**2 + 4*w + 2. Determine v(d).
-2
Let s(i) = -i - 1. Let t(q) = 7*q + 7. Let d(b) = 6*s(b) + t(b). Calculate d(0).
1
Let p(y) = -2*y - 5. Let h(q) = -2*q - 5. Let f(s) = 3*h(s) - 4*p(s). Calculate f(-6).
-7
Let v(h) = h**3 - 8*h**2. Let x be v(8). Let q = 1 - x. Let l(i) = -10*i**2 + i. Calculate l(q).
-9
Suppose -33 = -3*d + d - 3*p, 4*d + 5*p = 63. Let u be (2 - 7)*(-14)/5. Let q(b) = -d*b - 5*b**2 + 1 + 0 + u*b. Give q(-1).
-6
Let s(v) = -v**2 + 3*v + 3. Let u = -176 - -179. What is s(u)?
3
Suppose -2 = -n - 0. Let m(a) = -3*a**2 - 4. Let o(h) be the third derivative of h**5/60 + h**3/6 + 3*h**2. Let y(g) = m(g) + 2*o(g). Give y(n).
-6
Let d(v) = -6*v**2 - 5*v + 5. Let z(y) = 5*y**2 + 4*y - 4. Let k(c) = 4*d(c) + 5*z(c). What is k(0)?
0
Let u(b) = -b**3 - b**2 - b. Let m = 34 - 35. Give u(m).
1
Suppose 2*r - 3*d - 5 = 0, 0*r + 3*r + 2*d - 1 = 0. Let x(j) = 16*j**3. Calculate x(r).
16
Suppose -2*q - q = 0. Let x be (q - 0) + -3 + 2. Let a(k) = -6*k**2 + 1. Give a(x).
-5
Let b(t) be the first derivative of t**4/12 + t**2 + 4*t + 5. Let k(f) be the first derivative of b(f). What is k(-2)?
6
Let u(j) = -2 - j + 1 + 6 - 1. Calculate u(-3).
7
Suppose 25 = 5*o + 5. Let g(k) = 2*k - 4. What is g(o)?
4
Let k = 3 + -2. Let h(j) = -k - 4*j + 0*j + j. Suppose -1 = -2*o + a, -2*o - 8 = -2*a + 4*a. Calculate h(o).
2
Let i(t) = 3*t - 3*t - t + 0*t + 4. What is i(-5)?
9
Let c(w) = 2*w - 11. Let b be c(8). Let k = 9 - b. Suppose 0 = -4*l + k - 0. Let h(u) = -u**2 + u. Give h(l).
0
Let g(v) = -v - 1. Let f = -17 - -11. Give g(f).
5
Let t(k) = -k**2 - 8*k - 11. Let a be t(-6). Let u(m) = -7*m**2 + 1. Determine u(a).
-6
Let y(c) be the first derivative of c**2/2 + 6*c - 13. Calculate y(-6).
0
Let u = -10 + 5. Let s(a) = -2*a**3 - 5*a**2 - 3*a - 7. Let q(b) = 3*b**3 + 8*b**2 + 5*b + 11. Let h(l) = 5*q(l) + 7*s(l). Calculate h(u).
-14
Let n(j) = -j - 202 - 4*j + 204 - 5*j**2 - j**3. Determine n(-4).
6
Suppose -1 + 3 = -2*d. Let r(m) = 6*m**3 + 1. Let o be r(d). Let a(n) = n**2 + 4*n - 1. Give a(o).
4
Let y(m) = m**2 - 7*m + 2. Suppose -84 - 5 = -3*g - 5*f, 135 = 5*g - 5*f. Let v be 132/g + (-4)/(-14). Calculate y(v).
-8
Let m = 0 - -2. Let q(r) = m - 1 + 2 - 4 + r. What is q(4)?
3
Let d(o) be the second derivative of o**3/2 + 15*o. Calculate d(1).
3
Let u(i) = 5*i**3 + 5*i. Let d(q) be the second derivative of 3*q**5/20 + q**3/2 - 2*q. Let j(t) = 7*d(t) - 4*u(t). Let f = -37 - -37. Determine j(f).
0
Let z(j) = 7*j**3 + 6*j**2 - 5*j. Let o(x) = x**3 + x**2 - x. Let l(n) = 5*o(n) - z(n). Give l(-1).
1
Let m(r) = 2 - 4*r**3 + 7*r**2 - 2 - r - 9*r**2. Calculate m(-1).
3
Let q(f) be the second derivative of -f**4/12 + 7*f**3/6 - 5*f**2/2 + 7*f. Calculate q(6).
1
Let o(r) be the third derivative of r**5/60 + r**4/8 - r**3/6 + 3*r**2. Let q be (-5 + 1 + 1)/1. Calculate o(q).
-1
Suppose -c = -4*f - 9, -2*f + 3*c - 7 = -0*f. Let r = f + -1. Let n(x) = -x**2 + x + 1. Let b(q) = 2*q**2 - q - 1. Let z(j) = -6*b(j) - 10*n(j). Determine z(r).
-10
Let o(v) = -v - 5. Let r be o(-5). Let a(c) be the third derivative of 2*c**2 + r + 0*c - 1/30*c**5 + 5/24*c**4 + 2/3*c**3. Calculate a(4).
-8
Let u(q) be the third derivative of -5/24*q**4 - 2/3*q**3 + 0 + 0*q - 2*q**2. Let h(g) = g - 1. Let c(y) = 4*h(y) + u(y). Calculate c(-6).
-2
Let h(p) = p**2 - 13*p - 1. Suppose -129 = 3*k - 168. What is h(k)?
-1
Let i(z) = 3*z - 1. Let p(y) = -y**3 + 3*y**2 + y. Let s be p(3). Give i(s).
8
Let z(i) be the second derivative of 0 - 1/6*i**3 + i + 0*i**2. Give z(-5).
5
Let o(k) = -k**2 - 5*k - 2. Let q(i) = i**2 + 6*i + 1. Let a(t) = -4*o(t) - 3*q(t). Give a(-5).
20
Let r be -11 - -4 - 6/(-1). Let o(h) be the first derivative of 4*h**2 + h + 1. Give o(r).
-7
Suppose 0 = -t - 6 - 0. Let m(z) = z**3 + 7*z**2 + 7*z + 4. What is m(t)?
-2
Let b(c) = c**2 - 2. Let i(j) be the second derivative of -2*j + 0 + 1/6*j**3 + 5/12*j**4 - 11/2*j**2. Let z(h) = -11*b(h) + 2*i(h). Give z(3).
-3
Let k(g) be the second derivative of -g**3/6 + 17*g**2/2 - 3*g. Give k(12).
5
Let p = -9 + 15. Let n(f) = 7*f + 2. Let z(j) = -4*j - 1. Let v(s) = 3*n(s) + 5*z(s). Give v(p).
7
Let s be 4/(-5)*20/(-8). Let c be s + -1 - -2 - 0. Let d(t) = -2 - t**2 + t - t**2 + c*t**2. Give d(0).
-2
Let d(m) = -m**3 - 1. Let a(z) = -2*z**3 + 4*z**2 - 3*z. Let l(t) = a(t) - d(t). Give l(3).
1
Let x = 8 - 6. Let a be ((-8)/(-20))/(2/30). Suppose -a*n + 8 = -x*n. Let z(w) = -2*w**2 + 2*w - 3. What is z(n)?
-7
Let m(s) = s**2 - 2*s - 1. Suppose -6 = 2*w, 2*f + 5 = -4*w - 11. Determine m(f).
7
Let z(l) = 9*l**2 - 7*l. Let c(o) = 4*o**2 - 4*o. Let i(g) = 7*c(g) - 3*z(g). What is i(5)?
-10
Let z(s) = -s**3 - 8*s**2 - 6*s + 9. Suppose 4*y - 11 = 4*n - 3, -2*y = -n + 3. What is z(n)?
2
Let a(w) = w - 1. Suppose -88 + 28 = 5*z. Let u be 18/z*(-4)/3. Suppose 2*j + u = -2. Give a(j).
-3
Let o(i) be the first derivative of 0*i + 1/2*i**2 - 3 - 2/3*i**3. Give o(1).
-1
Let i(p) = 23*p**3 - 32*p**3 - 3*p - 1 + p**2 + 11*p**3. Calculate i(-2).
-7
Let y = 68 + -62. Let h(b) = -2*b + 4. Calculate h(y).
-8
Let w(q) = 4*q**2 - 3*q - 3. Suppose -4*v - 38 = -30. What is w(v)?
19
Let l(p) = -2*p**2 + 1189*p**3 - 1188*p**3 + 3*p + 5*p**2 + 2. Give l(-2).
0
Suppose -2*t + 40 = 5*u, 2*u - t = -u + 35. Suppose 5*r + 2 = -4*v, -v + 3*r = v - u. Let p(j) = 4*j - 4*j + j + v. Calculate p(-5).
-3
Let i(p) = p - 8. Let y = -8 + 8. Determine i(y).
-8
Let z(r) be the third derivative of -r**4/24 - 4*r**3/3 - 7*r**2. Let a be z(-3). Let n(g) = -g - 5. Determine n(a).
0
Let r(t) = 5 - 3*t - 1344*t**2 + 1343*t**2 - t. Let p = -4 - 1. Calculate r(p).
0
Let m(x) = x**3 - 4*x**2 - 2. Let k = 2 + -2. Suppose k = 